{"id":2850,"date":"2024-11-12T18:25:14","date_gmt":"2024-11-12T18:25:14","guid":{"rendered":"https:\/\/ajandekellato.hu\/product\/boa-7-es-tripla-27-fm\/"},"modified":"2026-03-23T01:47:47","modified_gmt":"2026-03-23T01:47:47","slug":"boa-7-es-tripla-27-fm","status":"publish","type":"product","link":"https:\/\/ajandekellato.hu\/en\/product\/boa-7-es-tripla-27-fm\/","title":{"rendered":"Boa 7-es tripla 2,7 fm"},"content":{"rendered":"<p>5 db\/k\u00f6teg<\/p>","protected":false},"excerpt":{"rendered":"<p>kar\u00e1csonyfad\u00edsz<\/p>","protected":false},"featured_media":3146,"comment_status":"open","ping_status":"closed","template":"","meta":[],"product_cat":[159],"product_tag":[],"class_list":{"0":"post-2850","1":"product","2":"type-product","3":"status-publish","4":"has-post-thumbnail","6":"product_cat-karacsonyfadisz","8":"first","9":"instock","10":"shipping-taxable","11":"purchasable","12":"product-type-variable"},"yoast_head":"<!-- This site is optimized with the Yoast SEO plugin v24.1 - https:\/\/yoast.com\/wordpress\/plugins\/seo\/ -->\n<title>Boa 7-es tripla 2,7 fm - Region\u00e1lis Aj\u00e1nd\u00e9kell\u00e1t\u00f3<\/title>\n<meta name=\"robots\" content=\"index, follow, max-snippet:-1, max-image-preview:large, max-video-preview:-1\" \/>\n<link rel=\"canonical\" href=\"https:\/\/ajandekellato.hu\/en\/product\/boa-7-es-tripla-27-fm\/\" \/>\n<meta property=\"og:locale\" content=\"en_US\" \/>\n<meta property=\"og:type\" content=\"article\" \/>\n<meta property=\"og:title\" content=\"Boa 7-es tripla 2,7 fm - Region\u00e1lis Aj\u00e1nd\u00e9kell\u00e1t\u00f3\" \/>\n<meta property=\"og:description\" content=\"kar\u00e1csonyfad\u00edsz\" \/>\n<meta property=\"og:url\" content=\"https:\/\/ajandekellato.hu\/en\/product\/boa-7-es-tripla-27-fm\/\" \/>\n<meta property=\"og:site_name\" content=\"Region\u00e1lis Aj\u00e1nd\u00e9kell\u00e1t\u00f3\" \/>\n<meta property=\"article:modified_time\" content=\"2026-03-23T01:47:47+00:00\" \/>\n<meta property=\"og:image\" content=\"https:\/\/ajandekellato.hu\/wp-content\/uploads\/2024\/06\/7-es-boa-1024x683.webp\" \/>\n\t<meta property=\"og:image:width\" content=\"1024\" \/>\n\t<meta property=\"og:image:height\" content=\"683\" \/>\n\t<meta property=\"og:image:type\" content=\"image\/webp\" \/>\n<meta name=\"twitter:card\" content=\"summary_large_image\" \/>\n<meta name=\"twitter:label1\" content=\"Est. reading time\" \/>\n\t<meta name=\"twitter:data1\" content=\"1 minute\" \/>\n<script type=\"application\/ld+json\" class=\"yoast-schema-graph\">{\"@context\":\"https:\/\/schema.org\",\"@graph\":[{\"@type\":\"WebPage\",\"@id\":\"https:\/\/ajandekellato.hu\/product\/boa-7-es-tripla-27-fm\/\",\"url\":\"https:\/\/ajandekellato.hu\/product\/boa-7-es-tripla-27-fm\/\",\"name\":\"Boa 7-es tripla 2,7 fm - Region\u00e1lis Aj\u00e1nd\u00e9kell\u00e1t\u00f3\",\"isPartOf\":{\"@id\":\"https:\/\/ajandekellato.hu\/#website\"},\"primaryImageOfPage\":{\"@id\":\"https:\/\/ajandekellato.hu\/product\/boa-7-es-tripla-27-fm\/#primaryimage\"},\"image\":{\"@id\":\"https:\/\/ajandekellato.hu\/product\/boa-7-es-tripla-27-fm\/#primaryimage\"},\"thumbnailUrl\":\"https:\/\/ajandekellato.hu\/wp-content\/uploads\/2024\/06\/7-es-boa.webp\",\"datePublished\":\"2024-11-12T18:25:14+00:00\",\"dateModified\":\"2026-03-23T01:47:47+00:00\",\"breadcrumb\":{\"@id\":\"https:\/\/ajandekellato.hu\/product\/boa-7-es-tripla-27-fm\/#breadcrumb\"},\"inLanguage\":\"en-US\",\"potentialAction\":[{\"@type\":\"ReadAction\",\"target\":[\"https:\/\/ajandekellato.hu\/product\/boa-7-es-tripla-27-fm\/\"]}]},{\"@type\":\"ImageObject\",\"inLanguage\":\"en-US\",\"@id\":\"https:\/\/ajandekellato.hu\/product\/boa-7-es-tripla-27-fm\/#primaryimage\",\"url\":\"https:\/\/ajandekellato.hu\/wp-content\/uploads\/2024\/06\/7-es-boa.webp\",\"contentUrl\":\"https:\/\/ajandekellato.hu\/wp-content\/uploads\/2024\/06\/7-es-boa.webp\",\"width\":2560,\"height\":1707},{\"@type\":\"BreadcrumbList\",\"@id\":\"https:\/\/ajandekellato.hu\/product\/boa-7-es-tripla-27-fm\/#breadcrumb\",\"itemListElement\":[{\"@type\":\"ListItem\",\"position\":1,\"name\":\"Home\",\"item\":\"https:\/\/ajandekellato.hu\/\"},{\"@type\":\"ListItem\",\"position\":2,\"name\":\"Shop\",\"item\":\"https:\/\/ajandekellato.hu\/shop\/\"},{\"@type\":\"ListItem\",\"position\":3,\"name\":\"Boa 7-es tripla 2,7 fm\"}]},{\"@type\":\"WebSite\",\"@id\":\"https:\/\/ajandekellato.hu\/#website\",\"url\":\"https:\/\/ajandekellato.hu\/\",\"name\":\"Region\u00e1lis Aj\u00e1nd\u00e9kell\u00e1t\u00f3\",\"description\":\"\",\"potentialAction\":[{\"@type\":\"SearchAction\",\"target\":{\"@type\":\"EntryPoint\",\"urlTemplate\":\"https:\/\/ajandekellato.hu\/?s={search_term_string}\"},\"query-input\":{\"@type\":\"PropertyValueSpecification\",\"valueRequired\":true,\"valueName\":\"search_term_string\"}}],\"inLanguage\":\"en-US\"}]}<\/script>\n<!-- \/ Yoast SEO plugin. -->","yoast_head_json":{"title":"Boa 7-es tripla 2,7 fm - Region\u00e1lis Aj\u00e1nd\u00e9kell\u00e1t\u00f3","robots":{"index":"index","follow":"follow","max-snippet":"max-snippet:-1","max-image-preview":"max-image-preview:large","max-video-preview":"max-video-preview:-1"},"canonical":"https:\/\/ajandekellato.hu\/en\/product\/boa-7-es-tripla-27-fm\/","og_locale":"en_US","og_type":"article","og_title":"Boa 7-es tripla 2,7 fm - Region\u00e1lis Aj\u00e1nd\u00e9kell\u00e1t\u00f3","og_description":"kar\u00e1csonyfad\u00edsz","og_url":"https:\/\/ajandekellato.hu\/en\/product\/boa-7-es-tripla-27-fm\/","og_site_name":"Region\u00e1lis Aj\u00e1nd\u00e9kell\u00e1t\u00f3","article_modified_time":"2026-03-23T01:47:47+00:00","og_image":[{"width":1024,"height":683,"url":"https:\/\/ajandekellato.hu\/wp-content\/uploads\/2024\/06\/7-es-boa-1024x683.webp","type":"image\/webp"}],"twitter_card":"summary_large_image","twitter_misc":{"Est. reading time":"1 minute"},"schema":{"@context":"https:\/\/schema.org","@graph":[{"@type":"WebPage","@id":"https:\/\/ajandekellato.hu\/product\/boa-7-es-tripla-27-fm\/","url":"https:\/\/ajandekellato.hu\/product\/boa-7-es-tripla-27-fm\/","name":"Boa 7-es tripla 2,7 fm - Region\u00e1lis Aj\u00e1nd\u00e9kell\u00e1t\u00f3","isPartOf":{"@id":"https:\/\/ajandekellato.hu\/#website"},"primaryImageOfPage":{"@id":"https:\/\/ajandekellato.hu\/product\/boa-7-es-tripla-27-fm\/#primaryimage"},"image":{"@id":"https:\/\/ajandekellato.hu\/product\/boa-7-es-tripla-27-fm\/#primaryimage"},"thumbnailUrl":"https:\/\/ajandekellato.hu\/wp-content\/uploads\/2024\/06\/7-es-boa.webp","datePublished":"2024-11-12T18:25:14+00:00","dateModified":"2026-03-23T01:47:47+00:00","breadcrumb":{"@id":"https:\/\/ajandekellato.hu\/product\/boa-7-es-tripla-27-fm\/#breadcrumb"},"inLanguage":"en-US","potentialAction":[{"@type":"ReadAction","target":["https:\/\/ajandekellato.hu\/product\/boa-7-es-tripla-27-fm\/"]}]},{"@type":"ImageObject","inLanguage":"en-US","@id":"https:\/\/ajandekellato.hu\/product\/boa-7-es-tripla-27-fm\/#primaryimage","url":"https:\/\/ajandekellato.hu\/wp-content\/uploads\/2024\/06\/7-es-boa.webp","contentUrl":"https:\/\/ajandekellato.hu\/wp-content\/uploads\/2024\/06\/7-es-boa.webp","width":2560,"height":1707},{"@type":"BreadcrumbList","@id":"https:\/\/ajandekellato.hu\/product\/boa-7-es-tripla-27-fm\/#breadcrumb","itemListElement":[{"@type":"ListItem","position":1,"name":"Home","item":"https:\/\/ajandekellato.hu\/"},{"@type":"ListItem","position":2,"name":"Shop","item":"https:\/\/ajandekellato.hu\/shop\/"},{"@type":"ListItem","position":3,"name":"Boa 7-es tripla 2,7 fm"}]},{"@type":"WebSite","@id":"https:\/\/ajandekellato.hu\/#website","url":"https:\/\/ajandekellato.hu\/","name":"Region\u00e1lis Aj\u00e1nd\u00e9kell\u00e1t\u00f3","description":"","potentialAction":[{"@type":"SearchAction","target":{"@type":"EntryPoint","urlTemplate":"https:\/\/ajandekellato.hu\/?s={search_term_string}"},"query-input":{"@type":"PropertyValueSpecification","valueRequired":true,"valueName":"search_term_string"}}],"inLanguage":"en-US"}]}},"jetpack_sharing_enabled":true,"_links":{"self":[{"href":"https:\/\/ajandekellato.hu\/en\/wp-json\/wp\/v2\/product\/2850","targetHints":{"allow":["GET"]}}],"collection":[{"href":"https:\/\/ajandekellato.hu\/en\/wp-json\/wp\/v2\/product"}],"about":[{"href":"https:\/\/ajandekellato.hu\/en\/wp-json\/wp\/v2\/types\/product"}],"replies":[{"embeddable":true,"href":"https:\/\/ajandekellato.hu\/en\/wp-json\/wp\/v2\/comments?post=2850"}],"wp:featuredmedia":[{"embeddable":true,"href":"https:\/\/ajandekellato.hu\/en\/wp-json\/wp\/v2\/media\/3146"}],"wp:attachment":[{"href":"https:\/\/ajandekellato.hu\/en\/wp-json\/wp\/v2\/media?parent=2850"}],"wp:term":[{"taxonomy":"product_cat","embeddable":true,"href":"https:\/\/ajandekellato.hu\/en\/wp-json\/wp\/v2\/product_cat?post=2850"},{"taxonomy":"product_tag","embeddable":true,"href":"https:\/\/ajandekellato.hu\/en\/wp-json\/wp\/v2\/product_tag?post=2850"}],"curies":[{"name":"wp","href":"https:\/\/api.w.org\/{rel}","templated":true}]}}

<p>5 db/köteg</p>

<p>karácsonyfadísz</p>

<!-- This site is optimized with the Yoast SEO plugin v24.1 - https://yoast.com/wordpress/plugins/seo/ -->
<title>Boa 7-es tripla 2,7 fm - Regionális Ajándékellátó</title>
<meta name="robots" content="index, follow, max-snippet:-1, max-image-preview:large, max-video-preview:-1" />
<link rel="canonical" href="https://ajandekellato.hu/en/product/boa-7-es-tripla-27-fm/" />
<meta property="og:locale" content="en_US" />
<meta property="og:type" content="article" />
<meta property="og:title" content="Boa 7-es tripla 2,7 fm - Regionális Ajándékellátó" />
<meta property="og:description" content="karácsonyfadísz" />
<meta property="og:url" content="https://ajandekellato.hu/en/product/boa-7-es-tripla-27-fm/" />
<meta property="og:site_name" content="Regionális Ajándékellátó" />
<meta property="article:modified_time" content="2026-03-23T01:47:47+00:00" />
<meta property="og:image" content="https://ajandekellato.hu/wp-content/uploads/2024/06/7-es-boa-1024x683.webp" />
	<meta property="og:image:width" content="1024" />
	<meta property="og:image:height" content="683" />
	<meta property="og:image:type" content="image/webp" />
<meta name="twitter:card" content="summary_large_image" />
<meta name="twitter:label1" content="Est. reading time" />
	<meta name="twitter:data1" content="1 minute" />
<script type="application/ld+json" class="yoast-schema-graph">{"@context":"https://schema.org","@graph":[{"@type":"WebPage","@id":"https://ajandekellato.hu/product/boa-7-es-tripla-27-fm/","url":"https://ajandekellato.hu/product/boa-7-es-tripla-27-fm/","name":"Boa 7-es tripla 2,7 fm - Regionális Ajándékellátó","isPartOf":{"@id":"https://ajandekellato.hu/#website"},"primaryImageOfPage":{"@id":"https://ajandekellato.hu/product/boa-7-es-tripla-27-fm/#primaryimage"},"image":{"@id":"https://ajandekellato.hu/product/boa-7-es-tripla-27-fm/#primaryimage"},"thumbnailUrl":"https://ajandekellato.hu/wp-content/uploads/2024/06/7-es-boa.webp","datePublished":"2024-11-12T18:25:14+00:00","dateModified":"2026-03-23T01:47:47+00:00","breadcrumb":{"@id":"https://ajandekellato.hu/product/boa-7-es-tripla-27-fm/#breadcrumb"},"inLanguage":"en-US","potentialAction":[{"@type":"ReadAction","target":["https://ajandekellato.hu/product/boa-7-es-tripla-27-fm/"]}]},{"@type":"ImageObject","inLanguage":"en-US","@id":"https://ajandekellato.hu/product/boa-7-es-tripla-27-fm/#primaryimage","url":"https://ajandekellato.hu/wp-content/uploads/2024/06/7-es-boa.webp","contentUrl":"https://ajandekellato.hu/wp-content/uploads/2024/06/7-es-boa.webp","width":2560,"height":1707},{"@type":"BreadcrumbList","@id":"https://ajandekellato.hu/product/boa-7-es-tripla-27-fm/#breadcrumb","itemListElement":[{"@type":"ListItem","position":1,"name":"Home","item":"https://ajandekellato.hu/"},{"@type":"ListItem","position":2,"name":"Shop","item":"https://ajandekellato.hu/shop/"},{"@type":"ListItem","position":3,"name":"Boa 7-es tripla 2,7 fm"}]},{"@type":"WebSite","@id":"https://ajandekellato.hu/#website","url":"https://ajandekellato.hu/","name":"Regionális Ajándékellátó","description":"","potentialAction":[{"@type":"SearchAction","target":{"@type":"EntryPoint","urlTemplate":"https://ajandekellato.hu/?s={search_term_string}"},"query-input":{"@type":"PropertyValueSpecification","valueRequired":true,"valueName":"search_term_string"}}],"inLanguage":"en-US"}]}</script>
<!-- / Yoast SEO plugin. -->

Boa 7-es tripla 2,7 fm - Regionális Ajándékellátó

karácsonyfadísz

Regionális Ajándékellátó
